{"id":297,"date":"2025-10-24T17:03:03","date_gmt":"2025-10-24T15:03:03","guid":{"rendered":"https:\/\/cielarca.com\/?page_id=297"},"modified":"2025-12-02T18:57:10","modified_gmt":"2025-12-02T17:57:10","slug":"clara-diez-marquez-sola","status":"publish","type":"page","link":"https:\/\/cielarca.com\/?page_id=297","title":{"rendered":"Clara Diez M\u00e1rquez, Sola"},"content":{"rendered":"\n<figure class=\"wp-block-image aligncenter size-large\"><img loading=\"lazy\" decoding=\"async\" width=\"1024\" height=\"768\" src=\"https:\/\/cielarca.com\/wp-content\/uploads\/2025\/10\/Eric-Legret-1-1024x768.jpg\" alt=\"\" class=\"wp-image-300\" srcset=\"https:\/\/cielarca.com\/wp-content\/uploads\/2025\/10\/Eric-Legret-1-1024x768.jpg 1024w, https:\/\/cielarca.com\/wp-content\/uploads\/2025\/10\/Eric-Legret-1-300x225.jpg 300w, https:\/\/cielarca.com\/wp-content\/uploads\/2025\/10\/Eric-Legret-1-768x576.jpg 768w, https:\/\/cielarca.com\/wp-content\/uploads\/2025\/10\/Eric-Legret-1-1536x1152.jpg 1536w, https:\/\/cielarca.com\/wp-content\/uploads\/2025\/10\/Eric-Legret-1-2048x1536.jpg 2048w, https:\/\/cielarca.com\/wp-content\/uploads\/2025\/10\/Eric-Legret-1-830x623.jpg 830w, https:\/\/cielarca.com\/wp-content\/uploads\/2025\/10\/Eric-Legret-1-230x173.jpg 230w, https:\/\/cielarca.com\/wp-content\/uploads\/2025\/10\/Eric-Legret-1-350x263.jpg 350w, https:\/\/cielarca.com\/wp-content\/uploads\/2025\/10\/Eric-Legret-1-480x360.jpg 480w\" sizes=\"auto, (max-width: 1024px) 100vw, 1024px\" \/><\/figure>\n\n\n\n<p class=\"has-text-align-center\" style=\"font-size:12px\"><em>Cr\u00e9dit photo: Eric Legret<\/em><\/p>\n\n\n\n<p class=\"has-text-align-center\">Les chants \u00e0 fonction rythment la vie d\u2019un peuple. Ils accompagnent des moments cl\u00e9 du quotidien&nbsp;: de la naissance jusqu\u2019\u00e0 la mort, le mariage, le travail, la f\u00eate, la solitude, l\u2019amour, les rituels religieux et pa\u00efens\u2026<\/p>\n\n\n\n<p class=\"has-text-align-center\">Asturies, au nord de la p\u00e9ninsule Ib\u00e9rique, regarde la mer de pr\u00e8s depuis les sommets blancs des Pics de l\u2019Europe. Il s\u2019agit d\u2019une terre amplement rurale parsem\u00e9e de villages plus ou moins isol\u00e9s o\u00f9 la vie se d\u00e9veloppe au gr\u00e9 des saisons.<\/p>\n\n\n\n<p class=\"has-text-align-center\">Clara Diez M\u00e1rquez est n\u00e9e dans la montagne asturienne. Elle grandit entour\u00e9e de chants, de percussions et de danse en accompagnant ses parents dans les travaux de collectage r\u00e9alis\u00e9s \u00e0 la fin du si\u00e8cle dernier. Aujourd\u2019hui install\u00e9e en France, elle chante son pays. Chants de mariage, \u00e0 danser, <em>panderetas<\/em>, <em>panderos<\/em>, <em>xotes<\/em>, <em>mu\u00f1eires<\/em>, <em>agarraos<\/em>, voix timbr\u00e9e, voix de femme, langue asturienne. Transmission et incarnation d\u2019une tradition qu\u2019elle fait vivre. Qui la fait vivre.<\/p>\n\n\n\n<figure class=\"wp-block-image size-full\"><a href=\"https:\/\/cielarca.com\/wp-content\/uploads\/2025\/10\/Dossier_Concert_Clara_Diez_Marquez_2025.pdf\" target=\"_blank\" rel=\" noreferrer noopener\"><img loading=\"lazy\" decoding=\"async\" width=\"212\" height=\"63\" src=\"https:\/\/cielarca.com\/wp-content\/uploads\/2025\/10\/Captura-de-pantalla-2025-10-27-155122.png\" alt=\"\" class=\"wp-image-459\"\/><\/a><\/figure>\n\n\n\n<p class=\"has-text-align-center has-x-large-font-size\"><strong>*<\/strong><\/p>\n\n\n\n<figure class=\"wp-block-embed is-type-video is-provider-youtube wp-block-embed-youtube wp-embed-aspect-16-9 wp-has-aspect-ratio\"><div class=\"wp-block-embed__wrapper\">\n<iframe loading=\"lazy\" title=\"Clara Diez M\u00e1rquez | chant et percussions des Asturies (Espagne)  | MIMA #19\" width=\"1170\" height=\"658\" src=\"https:\/\/www.youtube.com\/embed\/GLqQNKm2PPg?start=37&#038;feature=oembed\" frameborder=\"0\" allow=\"accelerometer; autoplay; clipboard-write; encrypted-media; gyroscope; picture-in-picture; web-share\" referrerpolicy=\"strict-origin-when-cross-origin\" allowfullscreen><\/iframe>\n<\/div><\/figure>\n","protected":false},"excerpt":{"rendered":"<p>Cr\u00e9dit photo: Eric Legret Les chants \u00e0 fonction rythment la vie d\u2019un peuple. Ils accompagnent des moments cl\u00e9 du quotidien&nbsp;: de la [&hellip;]<\/p>\n","protected":false},"author":1,"featured_media":0,"parent":91,"menu_order":0,"comment_status":"closed","ping_status":"closed","template":"","meta":{"footnotes":""},"class_list":["post-297","page","type-page","status-publish","hentry"],"_links":{"self":[{"href":"https:\/\/cielarca.com\/index.php?rest_route=\/wp\/v2\/pages\/297","targetHints":{"allow":["GET"]}}],"collection":[{"href":"https:\/\/cielarca.com\/index.php?rest_route=\/wp\/v2\/pages"}],"about":[{"href":"https:\/\/cielarca.com\/index.php?rest_route=\/wp\/v2\/types\/page"}],"author":[{"embeddable":true,"href":"https:\/\/cielarca.com\/index.php?rest_route=\/wp\/v2\/users\/1"}],"replies":[{"embeddable":true,"href":"https:\/\/cielarca.com\/index.php?rest_route=%2Fwp%2Fv2%2Fcomments&post=297"}],"version-history":[{"count":8,"href":"https:\/\/cielarca.com\/index.php?rest_route=\/wp\/v2\/pages\/297\/revisions"}],"predecessor-version":[{"id":497,"href":"https:\/\/cielarca.com\/index.php?rest_route=\/wp\/v2\/pages\/297\/revisions\/497"}],"up":[{"embeddable":true,"href":"https:\/\/cielarca.com\/index.php?rest_route=\/wp\/v2\/pages\/91"}],"wp:attachment":[{"href":"https:\/\/cielarca.com\/index.php?rest_route=%2Fwp%2Fv2%2Fmedia&parent=297"}],"curies":[{"name":"wp","href":"https:\/\/api.w.org\/{rel}","templated":true}]}}